9 = 4*s - 2*k. Let r(b) = -2*b + 0*b + s*b. Let a = 3 + -6. Give r(a).
-12
Let c be 3/(-2)*24/(-18). Let w(n) be the third derivative of 0*n + 1/3*n**3 + 0 + 3*n**c - 1/6*n**4. Calculate w(3).
-10
Let x(u) = -19 - 7 + 13 - 2*u. Determine x(8).
-29
Let k(p) = -6*p**2 + 24*p - 25. Let g(v) be the third derivative of v**5/60 - 5*v**4/24 + 5*v**3/6 - 15*v**2. Let b(w) = -11*g(w) - 2*k(w). Give b(-7).
-5
Let a(w) = w**3 - 70*w**2 - 72*w + 63. Let c be a(71). Let f(v) = v**3 + 8*v**2 + 6*v + 18. Give f(c).
-30
Let a(d) = 5*d - 1. Suppose -h - 2*o - 11 - 21 = 0, -3 = 3*o. Let v = -24 - h. Let u be (v/4)/((-6)/(-8)). Determine a(u).
9
Let w(y) = 2 + 3 - 4 + 2*y. Let f(c) = c**3 + 4*c**2. Let n be f(-4). Suppose n = -3*j + 15 - 3. What is w(j)?
9
Let l(u) = -4*u - 1. Let x(v) = -5*v + 1. Let n(b) = 4*l(b) - 3*x(b). Determine n(5).
-12
Let z(f) be the second derivative of -f**3/6 - 5*f**2/2 + 341*f. Calculate z(-7).
2
Let z(p) be the second derivative of -p**4/4 + 2*p**3/3 + 2*p**2 - 169*p. What is z(4)?
-28
Suppose -2*x + 0*x = -3*x. Suppose 2*o + 10*o - 12 = x. Let b(n) = 9*n**2 - n. Calculate b(o).
8
Let o(u) = -12*u**2 + 3*u - 18*u**3 + 23*u**3 - 8 - 4*u**3 + 9*u**2 + 5. Suppose -4*k = -k - 9. Give o(k).
6
Suppose 0*k + 3*n - 9 = -2*k, -5*n = -5. Suppose -4*r + k = -5. Let g(s) = 2*s**2 + 0*s + 4*s**r + s**3 - 4 - s + 5*s. Give g(-5).
1
Let b(a) be the third derivative of -1/60*a**5 + 0*a + 3*a**2 - 3/2*a**3 - 3/8*a**4 + 0. Calculate b(-7).
5
Let r(m) = m**3 - 5*m**2 + 2*m + 3. Suppose -2*g - s + 10 = 1, 3*g = 2*s + 3. Determine r(g).
-9
Let u be 20/(-6)*9/(-6). Let b(m) = -4*m**3 + 9*m**2 - 7*m + 6. Let s(n) = 3*n**3 - 8*n**2 + 6*n - 6. Let z(f) = 2*b(f) + 3*s(f). What is z(u)?
-11
Let p(h) = h**2 + 6*h - 4. Let n(s) = s**2 + 6*s - 14. Let o be (-26)/4 - (-13)/(-26). Let v be n(o). Calculate p(v).
3
Let j(z) be the first derivative of 2*z**2 - 1. Suppose 2*v + 22*m = 20*m - 8, 5*m = 4*v - 2. Determine j(v).
-8
Let k(p) = 10*p**3 + p**2 - p - 1. Suppose 3*u = -175 + 172. Calculate k(u).
-9
Let r = 122 + -119. Let p(s) = 4*s**3 + 2*s**2 + 6*s - 3. Let c(o) = 3*o**3 + o**2 + 5*o - 3. Let j(x) = 3*c(x) - 2*p(x). What is j(r)?
24
Let r(d) = 11*d**2 - 1100*d**3 + 8*d**2 - 9*d**2 - 2*d + 1099*d**3 + 2. Determine r(10).
-18
Let x be 126/12*4/3. Let z be (-8)/(-6) + x/21. Let v(n) = n**z - 7 - 4*n - 2*n + 10. Give v(4).
-5
Let u(s) be the second derivative of -s**3/6 - s**2/2 + s. Let n be (-120)/(-80)*(3 + 2/(-6)). What is u(n)?
-5
Let g(p) = p**3 - 4*p**2 - 3*p + 5. Let h be (111/(-15) - -1) + 2/5. Let z be (-2)/h*-1 + (-195)/(-45). What is g(z)?
-7
Let n(g) = g**3 - 2*g**2 - 8*g + 3. Let h be n(4). Let d(s) = s - 2*s**2 - 4 - s**h - s**2 + 0*s**3 + 0*s**2. Give d(-3).
-7
Let l be (-4)/10 - 4/(-10). Let f(h) = -11*h - 5. Let x(s) = -5*s - 2. Let z(a) = -6*f(a) + 13*x(a). What is z(l)?
4
Let u = -638 - -643. Let o(s) = -s**3 + 6*s**2 - 6*s - 3. Determine o(u).
-8
Let j(u) be the second derivative of u**4/4 - 5*u**3/6 - 5*u**2/2 + 503*u. Calculate j(5).
45
Let v(f) = f**2 - 37*f - 36. Let j be v(38). Let p(y) = -12*y**2 + 3*y - 3. Determine p(j).
-45
Let a(q) = 7*q**3 + q**2 - q - 10. Let t(v) = -20*v**3 - 3*v**2 + 4*v + 29. Let w(j) = -17*a(j) - 6*t(j). Give w(-3).
-1
Let v be -1*1/((-2)/8). Let h(o) = 91*o + 4 - 1 - 95*o. Give h(v).
-13
Let j(r) = r**2 - 6*r + 2. Suppose 36 = 6*m - 66. Let p = 20 - m. Suppose 7*y = 8*y - p. What is j(y)?
-7
Let s(u) = u**2 + u. Let x(o) = -3*o**2 - 3*o - 8. Let b(c) = -4*s(c) - x(c). Suppose -5*k - 4*y + 22 = 72, 2*k - y = -7. What is b(k)?
-22
Let y(a) = a**2 - 7*a - 5. Suppose -3*w - 204 = 3*r, 7*w - 290 = 4*r + 5*w. Let j = -63 - r. Determine y(j).
3
Let v = 220 - 214. Let a(k) = k**3 - 7*k**2 + 6*k + 5. Calculate a(v).
5
Let r(j) = j + 1. Suppose -4*n + 4*p + 13 = 53, -5 = -p. Let o(a) = 4*a + 9. Let l(v) = n*r(v) + o(v). Suppose -i = 2*b + 8, -5*b - 34 + 14 = 3*i. Give l(i).
4
Let l(w) = -6*w + 71. Suppose 10*d = 32 + 98. Determine l(d).
-7
Let v(s) be the second derivative of 5*s**4/12 + 2*s**3/3 - s**2 + 427*s. Calculate v(2).
26
Let p(s) = -s**3 - 8*s**2 + 10*s + 9. Let d = -111 + 102. Determine p(d).
0
Let v(r) = -2*r**2 - r + 1. Let y be v(-2). Let d(c) be the second derivative of -c**5/20 - 7*c**4/12 - 7*c**3/6 - c**2 - 7*c - 52. Calculate d(y).
-17
Let q(v) = -4*v**3 + 14*v**2 - v - 3. Let l(u) = -u**3 + 5*u**2 - 1. Suppose -5*s - 16 = 3*s. Let k(p) = s*q(p) + 7*l(p). Give k(-7).
-15
Let f = 198 + -199. Let v(y) = -3*y**2 + 27*y**3 - y + 4*y**2 - 1 - 15*y**3. Determine v(f).
-11
Suppose 4*a + 4 = -16. Let k(s) = s**3 - s**2 - s - 1. Let c(m) = 3*m**3 + 4*m**2 + 2*m - 2. Let b(t) = -c(t) + 2*k(t). Give b(a).
-5
Let n(a) = -1 + 8*a**2 - 79*a**3 + 3*a + 25*a**3 - 10 + 26*a**3 + 27*a**3. Give n(8).
13
Let n = -344 - -347. Let q(y) = y**3 + y**2 - 2*y - 3. Determine q(n).
27
Suppose 4*g + 9 = 3*d, 2 = 3*g - 49*d + 45*d. Let n(r) = 4*r + 9. What is n(g)?
-15
Let y(f) = 2*f + 4. Let d be y(3). Let j be d/15 + 7/3. Let a(c) = -c + j*c - 3*c + 1 + 2*c. What is a(2)?
3
Let p(r) = 3 - 3*r**2 - 10 + 2*r**2 - 3*r. Let u(h) = -h**2 - 2*h - 8. Let b(n) = 3*p(n) - 4*u(n). Let k = 3 + -3. Give b(k).
11
Let q = -306 + 306. Let o(x) = -2 + x**2 - 4 - 2*x + x. Give o(q).
-6
Let z(f) be the second derivative of f**4/12 - f**3/6 - f**2 - 77*f. What is z(2)?
0
Suppose 27*n - 322 = 4*n. Let p(a) = a**3 - 14*a**2 + 3*a - 20. What is p(n)?
22
Let b(a) be the first derivative of -a**4/12 + a**3 - 7*a**2/2 - 5*a - 1. Let l(w) be the first derivative of b(w). Calculate l(6).
-7
Let k(o) = -37*o + 39*o + 7*o**2 - o + o**3 + 9. Calculate k(-7).
2
Suppose -12 = -0*t + 3*t. Let l(j) = -47 + 2*j - 47 + 98. Determine l(t).
-4
Let h be 5/(5/3) + 3. Suppose -2*d - 5*g + 31 = -2, 4*d - 4*g + 4 = 0. Let m(r) = d*r - 5*r**2 - r - h*r. Calculate m(-2).
-14
Let g(q) = q**2 - 4*q - 12. Let o(n) = 2. Let s(w) = -g(w) - 5*o(w). Determine s(5).
-3
Let k be (-57)/6*(8 + -6). Let j = -16 - k. Let c(t) be the first derivative of -t**3/3 + 3*t**2/2 - t - 5. Determine c(j).
-1
Let d(b) be the second derivative of -1/6*b**3 + 1/2*b**2 + 0 - 8*b. Suppose 2*g + 1 = -3. Calculate d(g).
3
Let s(v) = 4*v + 1. Let d(z) = -z**3 + 15*z**2 - 32*z + 26. Let n be d(12). Let q = n - 73. Give s(q).
5
Let g(c) = -c**3 + 15*c**2 - 14*c - 15. Let i = -33 - -47. Calculate g(i).
-15
Suppose -4*h + 93 = -35. Let p = h - 30. Let x(i) = -i + 1. What is x(p)?
-1
Let o = 27 - 27. Let i(l) = 2 + o*l**3 - 10 + 6*l - 8*l**2 - l**3 + 2*l**2. Calculate i(-7).
-1
Let w be -4*(-2 - 3/(-6)). Let k be (-2 - 23)/(w - 7). Let g(r) = -r + 29*r**2 + r - k*r**2. Calculate g(-2).
16
Let c(a) be the second derivative of a**3/3 - 3*a**2 + 79*a. Give c(4).
2
Let z(x) = x + 1. Suppose -3*y + 150 = 3*g, 3*y - 188 = -4*g + 2*y. Let h = 45 - g. Calculate z(h).
0
Let r(l) be the first derivative of -l**3/3 + l**2 + 1. Let t(v) = 3 + 1856*v - 1853*v - v**2 - 3. Let h(c) = 4*r(c) - 3*t(c). Determine h(2).
-6
Let a(g) be the third derivative of g**4/24 + 2*g**3/3 + 3*g**2. Let o = -18 - -13. Let v = o - -8. Determine a(v).
7
Suppose -q - 32 = -9*q. Suppose 4*l + l - 22 = -3*c, 20 = q*l. Let u(b) = 8*b + 1. Determine u(c).
-7
Let j be ((-4)/(-6))/((-1)/(-36)). Let h = j - 18. Let c(m) be the third derivative of -m**5/60 + m**4/8 + m**3 - m**2. Calculate c(h).
-12
Let o(p) be the third derivative of 0 + 1/120*p**6 + 1/60*p**5 + 5*p**2 + 1/24*p**4 + 0*p - 1/3*p**3. Give o(0).
-2
Let p(z) be the third derivative of z**6/720 - z**5/120 - z**4/3 + 30*z**2. Let i(c) be the second derivative of p(c). Give i(-1).
-2
Suppose 8*z - 4*z - 24 = 0. Let x(l) = 3*l - 5. Calculate x(z).
13
Let v(w) = -2*w - 6. Let k(q) = -q**2 + 1. Let a(s) = s**2 - 3*s - 4. Let t(c) = -a(c) - 3*k(c). Let y be t(-3). Let d = 4 - y. Calculate v(d).
6
Suppose h = -5*q - 7, 0 = -0*q + 2*q + 2. Let r be (48/(-4))/h + -4. Let m(u) = -4*u**2 + 5*u**r - 5 + 1 - u. Calculate m(-3).
8
Let q(m) = -m**2 + 2*m + 766 + 2*m**2 - 766 - 6*m**2. Calculate q(-3).
-51
Let c(h) = -9*h**3 + 3*h**2 + 14*h - 9. Let p(w) = 7*w**3 - 4*w**2 - 13*w + 8. Let x(a) = 3*c(a) + 4*p(a). Calculate x(8).
-11
Let o be (5/((-10)/4))/(-1). Suppose -o*p = -x - 0*x - 10, -x = -4*p + 16. Suppose 10 = -p*u - 2*u. Let y(j) = j + 2. What is y(u)?
0
Let y(t) = 3*t - 8 - t + 9. Let 